when 2719 is divided by 1060?
599
Calculate the remainder when 64195 is divided by 31.
25
What is the remainder when 15797 is divided by 237?
155
What is the remainder when 181799 is divided by 82?
5
Calculate the remainder when 132487 is divided by 10.
7
What is the remainder when 8603 is divided by 62?
47
Calculate the remainder when 1935 is divided by 1923.
12
What is the remainder when 11550 is divided by 130?
110
What is the remainder when 10403 is divided by 20?
3
Calculate the remainder when 27759 is divided by 71.
69
What is the remainder when 3844 is divided by 271?
50
Calculate the remainder when 43190 is divided by 6.
2
Calculate the remainder when 79041 is divided by 1215.
66
Calculate the remainder when 15245 is divided by 126.
125
Calculate the remainder when 82613 is divided by 409.
404
Calculate the remainder when 1706 is divided by 1345.
361
What is the remainder when 5329 is divided by 2?
1
Calculate the remainder when 12648 is divided by 2.
0
What is the remainder when 49793 is divided by 49719?
74
What is the remainder when 384185 is divided by 347?
56
What is the remainder when 436 is divided by 427?
9
Calculate the remainder when 953 is divided by 179.
58
Calculate the remainder when 6933 is divided by 34.
31
Calculate the remainder when 12098 is divided by 345.
23
Calculate the remainder when 227 is divided by 16.
3
Calculate the remainder when 520563 is divided by 318.
315
What is the remainder when 16512 is divided by 718?
716
What is the remainder when 865 is divided by 726?
139
What is the remainder when 163040 is divided by 252?
248
What is the remainder when 9398 is divided by 119?
116
What is the remainder when 59176 is divided by 42?
40
What is the remainder when 586014 is divided by 57?
54
Calculate the remainder when 49890 is divided by 9.
3
What is the remainder when 127 is divided by 109?
18
What is the remainder when 158377 is divided by 93?
91
What is the remainder when 1497 is divided by 1484?
13
Calculate the remainder when 10871 is divided by 10676.
195
What is the remainder when 439086 is divided by 1269?
12
Calculate the remainder when 543707 is divided by 36.
35
Calculate the remainder when 102446 is divided by 34147.
5
Calculate the remainder when 83900 is divided by 41946.
8
What is the remainder when 3090 is divided by 183?
162
Calculate the remainder when 174190 is divided by 135.
40
Calculate the remainder when 219525 is divided by 18.
15
Calculate the remainder when 480778 is divided by 6.
4
What is the remainder when 309789 is divided by 200?
189
Calculate the remainder when 329089 is divided by 23.
5
Calculate the remainder when 49642 is divided by 103.
99
What is the remainder when 10895 is divided by 47?
38
What is the remainder when 255690 is divided by 15?
0
What is the remainder when 13914 is divided by 2768?
74
Calculate the remainder when 56377 is divided by 104.
9
What is the remainder when 78214 is divided by 26050?
64
Calculate the remainder when 48302 is divided by 24140.
22
What is the remainder when 7883 is divided by 3425?
1033
Calculate the remainder when 296303 is divided by 73.
69
Calculate the remainder when 98367 is divided by 22.
5
What is the remainder when 2122714 is divided by 80?
74
What is the remainder when 54161 is divided by 2165?
36
What is the remainder when 119740 is divided by 15?
10
Calculate the remainder when 10359 is divided by 10306.
53
Calculate the remainder when 734366 is divided by 182.
178
What is the remainder when 43047 is divided by 208?
199
Calculate the remainder when 1129671 is divided by 267.
261
Calculate the remainder when 629008 is divided by 723.
721
What is the remainder when 195270 is divided by 7?
5
What is the remainder when 12563 is divided by 896?
19
What is the remainder when 8130 is divided by 11?
1
Calculate the remainder when 8257 is divided by 79.
41
Calculate the remainder when 17541 is divided by 68.
65
Calculate the remainder when 117955 is divided by 39243.
226
Calculate the remainder when 6431 is divided by 416.
191
What is the remainder when 175810 is divided by 588?
586
What is the remainder when 2938 is divided by 140?
138
What is the remainder when 29038 is divided by 9280?
1198
What is the remainder when 600 is divided by 239?
122
What is the remainder when 1531295 is divided by 16?
15
What is the remainder when 27926 is divided by 185?
176
Calculate the remainder when 1558321 is divided by 82.
75
What is the remainder when 7002 is divided by 118?
40
Calculate the remainder when 453040 is divided by 212.
208
Calculate the remainder when 4871 is divided by 15.
11
Calculate the remainder when 7759 is divided by 17.
7
What is the remainder when 5307 is divided by 123?
18
What is the remainder when 65482 is divided by 2109?
103
What is the remainder when 17764 is divided by 2537?
5
What is the remainder when 39756 is divided by 206?
204
What is the remainder when 696 is divided by 300?
96
Calculate the remainder when 5201 is divided by 946.
471
What is the remainder when 14306 is divided by 715?
6
Calculate the remainder when 40443 is divided by 27.
24
Calculate the remainder when 592447 is divided by 50.
47
Calculate the remainder when 166448 is divided by 1682.
1612
Calculate the remainder when 15058 is divided by 1672.
10
What is the remainder when 2237 is divided by 549?
41
Calculate the remainder when 68170 is divided by 76.
74
What is the remainder when 23679 is divided by 148?
147
What is the remainder when 217 is divided by 4?
1
Calculate the remainder when 41293 is divided by 322.
77
What is the remainder when 7188 is divided by 278?
238
Calculate the remainder when 2878 is divided by 719.
2
Calculate the remainder when 43541 is divided by 506.
25
What is the remainder when 3879 is divided by 1888?
103
Calculate the remainder when 17085 is divided by 8542.
1
Calculate the remainder when 9513 is divided by 3168.
9
What is the remainder when 11516 is divided by 256?
252
Calculate the remainder when 26166 is divided by 5044.
946
Calculate the remainder when 1651 is divided by 48.
19
Calculate the remainder when 7301 is divided by 1042.
7
What is the remainder when 31545 is divided by 755?
590
Calculate the remainder when 14084 is divided by 1541.
215
Calculate the remainder when 5439 is divided by 104.
31
Calculate the remainder when 3094 is divided by 162.
16
What is the remainder when 3662 is divided by 107?
24
Calculate the remainder when 179907 is divided by 45.
42
What is the remainder when 18378 is divided by 375?
3
Calculate the remainder when 34471 is divided by 1077.
7
Calculate the remainder when 9999389 is divided by 2236.
2233
What is the remainder when 2408 is divided by 774?
86
Calculate the remainder when 344574 is divided by 344554.
20
Calculate the remainder when 22397 is divided by 701.
666
Calculate the remainder when 5754 is divided by 1913.
15
Calculate the remainder when 63629 is divided by 7951.
21
What is the remainder when 5665 is divided by 782?
191
What is the remainder when 13523 is divided by 239?
139
Calculate the remainder when 28117 is divided by 20.
17
What is the remainder when 1154 is divided by 62?
38
Calculate the remainder when 20720 is divided by 157.
153
Calculate the remainder when 8284 is divided by 3969.
346
Calculate the remainder when 2191 is divided by 650.
241
Calculate the remainder when 739 is divided by 246.
1
Calculate the remainder when 21650 is divided by 5409.
14
What is the remainder when 154164 is divided by 4973?
1
Calculate the remainder when 4925 is divided by 2412.
101
Calculate the remainder when 50621 is divided by 39.
38
What is the remainder when 724 is divided by 689?
35
What is the remainder when 32272 is divided by 32138?
134
What is the remainder when 6840 is divided by 22?
20
Calculate the remainder when 283272 is divided by 1057.
1053
What is the remainder when 223862 is divided by 37?
12
Calculate the remainder when 6929 is divided by 4.
1
Calculate the remainder when 239712 is divided by 79898.
18
What is the remainder when 34312 is divided by 33?
25
Calculate the remainder when 1090 is divided by 51.
19
What is the remainder when 25794 is divided by 2380?
1994
Calculate the remainder when 215233 is divided by 35869.
19
What is the remainder w